 






{"id":1546,"date":"2023-02-20T13:05:40","date_gmt":"2023-02-20T13:05:40","guid":{"rendered":"http:\/\/rayner-multisite.local\/peer2peer\/?post_type=p2p_podcast&#038;p=1546"},"modified":"2024-02-13T14:30:25","modified_gmt":"2024-02-13T14:30:25","slug":"ep-10-facoelche-2023-special","status":"publish","type":"p2p_podcast","link":"https:\/\/rayner.com\/peer2peer-es\/p2p_podcast\/ep-10-facoelche-2023-special\/","title":{"rendered":"FacoElche 2023 Special"},"content":{"rendered":"<h3><strong>Summary:<\/strong><\/h3>\n<p>Dr Roger Zaldivar, Dr Filomena Ribeiro and Dr Joaqu\u00edn Fern\u00e1ndez P\u00e9rez gather at the 25th congress at FacoElche in Spain to discuss the key takeaways from Rayner\u2019s clinical symposium on \u2018Optical Quality &amp; Patient Satisfaction\u2019, and interesting and exciting trends covered at this year\u2019s event.<strong><em>\u00a0<\/em><\/strong><\/p>\n<h3><strong>Bios:<em><br \/>\n<\/em><\/strong><\/h3>\n<p><strong>Dr Filomena Ribeiro (guest)<\/strong><em><br \/>\n<\/em>Dr Filomena Ribeiro is the head of the Department of Ophthalmology at the Hospital da Luz in Lisbon, Portugal and a member of the executive board of the ESCRS.<\/p>\n<p><strong>Dr Roger Zaldivar (guest)<\/strong><br \/>\nDr Roger Zaldivar is the CEO of the Instituto Zaldivar in Mendoza Argentina and the past-president of the Refractive Surgery Alliance. He is also the founder of Revai, a collaborative medical platform with the goal of transforming current medicine by improving every day processes.<\/p>\n<p><strong>Dr Joaqu\u00edn Fern\u00e1ndez P\u00e9rez (guest)<\/strong><br \/>\nDr Joaqu\u00edn Fern\u00e1ndez P\u00e9rez is the CEO and Medical Director of the Ophthalmology Department at Qvisi\u00f3n in Vithas Virgen del Mar Hospital in Spain. His research has been published in many national and international journals and has presented at many ophthalmology congresses worldwide.<\/p>\n<h3><strong>Key Takeaways:<\/strong><\/h3>\n<ul>\n<li>2023 trends from FacoElche include the improvement of diagnostics and the explosion of options with regard to IOL technology and software for patients.<\/li>\n<li>Ribeiro is confident that there is always a solution to addressing presbyopia in cataract surgery if you manage patient expectations correctly and choose the right IOL.<\/li>\n<li>Zaldivar finds the RayOne EMV IOL very useful in his practice, allowing him to provide patients with more spectacle independence and functional vision in their daily activities.<\/li>\n<li>Fern\u00e1ndez P\u00e9rez looks forward to the use of big collaborative data.<\/li>\n<li>For Dr Zaldivar, Rayner\u2019s RayPRO+ app facilitates tracking patient-reported outcomes and organizing data in a comprehensive way.<\/li>\n<\/ul>\n<h3><strong>Additional Resources:<\/strong><\/h3>\n<p><strong>RayOne EMV and EMV Toric<\/strong><br \/>\n<a href=\"https:\/\/rayner.com\/EMV%20\" target=\"_blank\" rel=\"noopener\">https:\/\/rayner.com\/EMV<\/a><\/p>\n<p><strong>Rayner RayPRO+ <\/strong><br \/>\n<a href=\"https:\/\/rayner.com\/raypro\/\" target=\"_blank\" rel=\"noopener\">https:\/\/rayner.com\/raypro\/<\/a><\/p>\n<p><strong>Connect with Dr Roger Zaldivar on LinkedIn, Twitter and Instagram:<\/strong><strong><br \/>\n<\/strong><a href=\"https:\/\/www.linkedin.com\/in\/rogerzaldivar\/\" target=\"_blank\" rel=\"noopener\">https:\/\/www.linkedin.com\/in\/rogerzaldivar\/<\/a><br \/>\n<a href=\"https:\/\/twitter.com\/RogZaldivar\" target=\"_blank\" rel=\"noopener\">https:\/\/twitter.com\/RogZaldivar<\/a><br \/>\n<a href=\"https:\/\/www.instagram.com\/rogzald\/\" target=\"_blank\" rel=\"noopener\">https:\/\/www.instagram.com\/rogzald\/<\/a><\/p>\n<p><strong>Connect with Dr Filomena Ribeiro on LinkedIn:<em><br \/>\n<\/em><\/strong><a href=\"https:\/\/www.linkedin.com\/in\/filomena-ribeiro-md-phd-febo-5aa13b71\/\" target=\"_blank\" rel=\"noopener\">https:\/\/www.linkedin.com\/in\/filomena-ribeiro-md-phd-febo-5aa13b71\/<\/a><\/p>\n<p><strong>Connect with Dr Joaqu\u00edn Fern\u00e1ndez P\u00e9rez on Instagram:<br \/>\n<\/strong><a href=\"https:\/\/www.instagram.com\/joaquinfernandezoft\/\" target=\"_blank\" rel=\"noopener\">Joaqu\u00edn Fern\u00e1ndez P\u00e9rez (@joaquinfernandezoft) \u2022 Instagram photos and videos<\/a><\/p>\n","protected":false},"excerpt":{"rendered":"<p>Zaldivar, Ribeiro, Fern\u00e1ndez P\u00e9rez, RayPRO, Digital Health, FacoElche<\/p>\n","protected":false},"author":300,"featured_media":2395,"template":"","p2p_country":[49],"p-2-p-category":[51],"acf":[],"yoast_head":"<!-- This site is optimized with the Yoast SEO plugin v22.5 - https:\/\/yoast.com\/wordpress\/plugins\/seo\/ -->\n<title>Rayner | Peer2Peer | Podcasts | FacoElche 2023 Special<\/title>\n<meta name=\"description\" content=\"Peer2Peer | Dr Roger Zaldivar, Dr Filomena Ribeiro and Dr Joaqu\u00edn Fern\u00e1ndez P\u00e9rez gather at the 25th congress at FacoElche in Spain to discuss the key takeaways from Rayner\u2019s clinical symposium on \u2018Optical Quality &amp; Patient Satisfaction\u2019, and interesting and exciting trends covered at this year\u2019s event.\" \/>\n<meta name=\"robots\" content=\"noindex, follow, max-snippet:-1, max-image-preview:large, max-video-preview:-1\" \/>\n<meta property=\"og:locale\" content=\"en_GB\" \/>\n<meta property=\"og:type\" content=\"article\" \/>\n<meta property=\"og:title\" content=\"Rayner | Peer2Peer | Podcasts | FacoElche 2023 Special\" \/>\n<meta property=\"og:description\" content=\"Peer2Peer | Dr Roger Zaldivar, Dr Filomena Ribeiro and Dr Joaqu\u00edn Fern\u00e1ndez P\u00e9rez gather at the 25th congress at FacoElche in Spain to discuss the key takeaways from Rayner\u2019s clinical symposium on \u2018Optical Quality &amp; Patient Satisfaction\u2019, and interesting and exciting trends covered at this year\u2019s event.\" \/>\n<meta property=\"og:url\" content=\"https:\/\/rayner.com\/peer2peer-es\/p2p_podcast\/ep-10-facoelche-2023-special\/\" \/>\n<meta property=\"og:site_name\" content=\"Rayner : Peer 2 Peer - ES\" \/>\n<meta property=\"article:modified_time\" content=\"2024-02-13T14:30:25+00:00\" \/>\n<meta property=\"og:image\" content=\"https:\/\/rayner.com\/peer2peer-es\/wp-content\/uploads\/sites\/18\/2023\/06\/RAY230132_Peer2Peer-Square-Thumbs-Podcast_Ribeiro-Zaldivar-Pe\u0301rez.png\" \/>\n\t<meta property=\"og:image:width\" content=\"750\" \/>\n\t<meta property=\"og:image:height\" content=\"750\" \/>\n\t<meta property=\"og:image:type\" content=\"image\/png\" \/>\n<meta name=\"twitter:card\" content=\"summary_large_image\" \/>\n<meta name=\"twitter:label1\" content=\"Estimated reading time\" \/>\n\t<meta name=\"twitter:data1\" content=\"2 minutes\" \/>\n<script type=\"application\/ld+json\" class=\"yoast-schema-graph\">{\"@context\":\"https:\/\/schema.org\",\"@graph\":[{\"@type\":\"WebPage\",\"@id\":\"https:\/\/rayner.com\/peer2peer-es\/p2p_podcast\/ep-10-facoelche-2023-special\/\",\"url\":\"https:\/\/rayner.com\/peer2peer-es\/p2p_podcast\/ep-10-facoelche-2023-special\/\",\"name\":\"Rayner | Peer2Peer | Podcasts | FacoElche 2023 Special\",\"isPartOf\":{\"@id\":\"https:\/\/rayner.com\/peer2peer-es\/#website\"},\"primaryImageOfPage\":{\"@id\":\"https:\/\/rayner.com\/peer2peer-es\/p2p_podcast\/ep-10-facoelche-2023-special\/#primaryimage\"},\"image\":{\"@id\":\"https:\/\/rayner.com\/peer2peer-es\/p2p_podcast\/ep-10-facoelche-2023-special\/#primaryimage\"},\"thumbnailUrl\":\"https:\/\/rayner.com\/peer2peer-es\/wp-content\/uploads\/sites\/18\/2023\/06\/RAY230132_Peer2Peer-Square-Thumbs-Podcast_Ribeiro-Zaldivar-Pe\u0301rez.png\",\"datePublished\":\"2023-02-20T13:05:40+00:00\",\"dateModified\":\"2024-02-13T14:30:25+00:00\",\"description\":\"Peer2Peer | Dr Roger Zaldivar, Dr Filomena Ribeiro and Dr Joaqu\u00edn Fern\u00e1ndez P\u00e9rez gather at the 25th congress at FacoElche in Spain to discuss the key takeaways from Rayner\u2019s clinical symposium on \u2018Optical Quality & Patient Satisfaction\u2019, and interesting and exciting trends covered at this year\u2019s event.\",\"inLanguage\":\"en-GB\",\"potentialAction\":[{\"@type\":\"ReadAction\",\"target\":[\"https:\/\/rayner.com\/peer2peer-es\/p2p_podcast\/ep-10-facoelche-2023-special\/\"]}]},{\"@type\":\"ImageObject\",\"inLanguage\":\"en-GB\",\"@id\":\"https:\/\/rayner.com\/peer2peer-es\/p2p_podcast\/ep-10-facoelche-2023-special\/#primaryimage\",\"url\":\"https:\/\/rayner.com\/peer2peer-es\/wp-content\/uploads\/sites\/18\/2023\/06\/RAY230132_Peer2Peer-Square-Thumbs-Podcast_Ribeiro-Zaldivar-Pe\u0301rez.png\",\"contentUrl\":\"https:\/\/rayner.com\/peer2peer-es\/wp-content\/uploads\/sites\/18\/2023\/06\/RAY230132_Peer2Peer-Square-Thumbs-Podcast_Ribeiro-Zaldivar-Pe\u0301rez.png\",\"width\":750,\"height\":750},{\"@type\":\"WebSite\",\"@id\":\"https:\/\/rayner.com\/peer2peer-es\/#website\",\"url\":\"https:\/\/rayner.com\/peer2peer-es\/\",\"name\":\"Rayner : Peer 2 Peer - ES\",\"description\":\"Just another WordPress site\",\"potentialAction\":[{\"@type\":\"SearchAction\",\"target\":{\"@type\":\"EntryPoint\",\"urlTemplate\":\"https:\/\/rayner.com\/peer2peer-es\/?s={search_term_string}\"},\"query-input\":\"required name=search_term_string\"}],\"inLanguage\":\"en-GB\"}]}<\/script>\n<!-- \/ Yoast SEO plugin. -->","yoast_head_json":{"title":"Rayner | Peer2Peer | Podcasts | FacoElche 2023 Special","description":"Peer2Peer | Dr Roger Zaldivar, Dr Filomena Ribeiro and Dr Joaqu\u00edn Fern\u00e1ndez P\u00e9rez gather at the 25th congress at FacoElche in Spain to discuss the key takeaways from Rayner\u2019s clinical symposium on \u2018Optical Quality & Patient Satisfaction\u2019, and interesting and exciting trends covered at this year\u2019s event.","robots":{"index":"noindex","follow":"follow","max-snippet":"max-snippet:-1","max-image-preview":"max-image-preview:large","max-video-preview":"max-video-preview:-1"},"og_locale":"en_GB","og_type":"article","og_title":"Rayner | Peer2Peer | Podcasts | FacoElche 2023 Special","og_description":"Peer2Peer | Dr Roger Zaldivar, Dr Filomena Ribeiro and Dr Joaqu\u00edn Fern\u00e1ndez P\u00e9rez gather at the 25th congress at FacoElche in Spain to discuss the key takeaways from Rayner\u2019s clinical symposium on \u2018Optical Quality & Patient Satisfaction\u2019, and interesting and exciting trends covered at this year\u2019s event.","og_url":"https:\/\/rayner.com\/peer2peer-es\/p2p_podcast\/ep-10-facoelche-2023-special\/","og_site_name":"Rayner : Peer 2 Peer - ES","article_modified_time":"2024-02-13T14:30:25+00:00","og_image":[{"width":750,"height":750,"url":"https:\/\/rayner.com\/peer2peer-es\/wp-content\/uploads\/sites\/18\/2023\/06\/RAY230132_Peer2Peer-Square-Thumbs-Podcast_Ribeiro-Zaldivar-Pe\u0301rez.png","type":"image\/png"}],"twitter_card":"summary_large_image","twitter_misc":{"Estimated reading time":"2 minutes"},"schema":{"@context":"https:\/\/schema.org","@graph":[{"@type":"WebPage","@id":"https:\/\/rayner.com\/peer2peer-es\/p2p_podcast\/ep-10-facoelche-2023-special\/","url":"https:\/\/rayner.com\/peer2peer-es\/p2p_podcast\/ep-10-facoelche-2023-special\/","name":"Rayner | Peer2Peer | Podcasts | FacoElche 2023 Special","isPartOf":{"@id":"https:\/\/rayner.com\/peer2peer-es\/#website"},"primaryImageOfPage":{"@id":"https:\/\/rayner.com\/peer2peer-es\/p2p_podcast\/ep-10-facoelche-2023-special\/#primaryimage"},"image":{"@id":"https:\/\/rayner.com\/peer2peer-es\/p2p_podcast\/ep-10-facoelche-2023-special\/#primaryimage"},"thumbnailUrl":"https:\/\/rayner.com\/peer2peer-es\/wp-content\/uploads\/sites\/18\/2023\/06\/RAY230132_Peer2Peer-Square-Thumbs-Podcast_Ribeiro-Zaldivar-Pe\u0301rez.png","datePublished":"2023-02-20T13:05:40+00:00","dateModified":"2024-02-13T14:30:25+00:00","description":"Peer2Peer | Dr Roger Zaldivar, Dr Filomena Ribeiro and Dr Joaqu\u00edn Fern\u00e1ndez P\u00e9rez gather at the 25th congress at FacoElche in Spain to discuss the key takeaways from Rayner\u2019s clinical symposium on \u2018Optical Quality & Patient Satisfaction\u2019, and interesting and exciting trends covered at this year\u2019s event.","inLanguage":"en-GB","potentialAction":[{"@type":"ReadAction","target":["https:\/\/rayner.com\/peer2peer-es\/p2p_podcast\/ep-10-facoelche-2023-special\/"]}]},{"@type":"ImageObject","inLanguage":"en-GB","@id":"https:\/\/rayner.com\/peer2peer-es\/p2p_podcast\/ep-10-facoelche-2023-special\/#primaryimage","url":"https:\/\/rayner.com\/peer2peer-es\/wp-content\/uploads\/sites\/18\/2023\/06\/RAY230132_Peer2Peer-Square-Thumbs-Podcast_Ribeiro-Zaldivar-Pe\u0301rez.png","contentUrl":"https:\/\/rayner.com\/peer2peer-es\/wp-content\/uploads\/sites\/18\/2023\/06\/RAY230132_Peer2Peer-Square-Thumbs-Podcast_Ribeiro-Zaldivar-Pe\u0301rez.png","width":750,"height":750},{"@type":"WebSite","@id":"https:\/\/rayner.com\/peer2peer-es\/#website","url":"https:\/\/rayner.com\/peer2peer-es\/","name":"Rayner : Peer 2 Peer - ES","description":"Just another WordPress site","potentialAction":[{"@type":"SearchAction","target":{"@type":"EntryPoint","urlTemplate":"https:\/\/rayner.com\/peer2peer-es\/?s={search_term_string}"},"query-input":"required name=search_term_string"}],"inLanguage":"en-GB"}]}},"_links":{"self":[{"href":"https:\/\/rayner.com\/peer2peer-es\/wp-json\/wp\/v2\/p2p_podcast\/1546"}],"collection":[{"href":"https:\/\/rayner.com\/peer2peer-es\/wp-json\/wp\/v2\/p2p_podcast"}],"about":[{"href":"https:\/\/rayner.com\/peer2peer-es\/wp-json\/wp\/v2\/types\/p2p_podcast"}],"author":[{"embeddable":true,"href":"https:\/\/rayner.com\/peer2peer-es\/wp-json\/wp\/v2\/users\/300"}],"wp:featuredmedia":[{"embeddable":true,"href":"https:\/\/rayner.com\/peer2peer-es\/wp-json\/wp\/v2\/media\/2395"}],"wp:attachment":[{"href":"https:\/\/rayner.com\/peer2peer-es\/wp-json\/wp\/v2\/media?parent=1546"}],"wp:term":[{"taxonomy":"p2p_country","embeddable":true,"href":"https:\/\/rayner.com\/peer2peer-es\/wp-json\/wp\/v2\/p2p_country?post=1546"},{"taxonomy":"p-2-p-category","embeddable":true,"href":"https:\/\/rayner.com\/peer2peer-es\/wp-json\/wp\/v2\/p-2-p-category?post=1546"}],"curies":[{"name":"wp","href":"https:\/\/api.w.org\/{rel}","templated":true}]}}

<h3><strong>Summary:</strong></h3>
<p>Dr Roger Zaldivar, Dr Filomena Ribeiro and Dr Joaquín Fernández Pérez gather at the 25th congress at FacoElche in Spain to discuss the key takeaways from Rayner’s clinical symposium on ‘Optical Quality &amp; Patient Satisfaction’, and interesting and exciting trends covered at this year’s event.<strong><em> </em></strong></p>
<h3><strong>Bios:<em><br />
</em></strong></h3>
<p><strong>Dr Filomena Ribeiro (guest)</strong><em><br />
</em>Dr Filomena Ribeiro is the head of the Department of Ophthalmology at the Hospital da Luz in Lisbon, Portugal and a member of the executive board of the ESCRS.</p>
<p><strong>Dr Roger Zaldivar (guest)</strong><br />
Dr Roger Zaldivar is the CEO of the Instituto Zaldivar in Mendoza Argentina and the past-president of the Refractive Surgery Alliance. He is also the founder of Revai, a collaborative medical platform with the goal of transforming current medicine by improving every day processes.</p>
<p><strong>Dr Joaquín Fernández Pérez (guest)</strong><br />
Dr Joaquín Fernández Pérez is the CEO and Medical Director of the Ophthalmology Department at Qvisión in Vithas Virgen del Mar Hospital in Spain. His research has been published in many national and international journals and has presented at many ophthalmology congresses worldwide.</p>
<h3><strong>Key Takeaways:</strong></h3>
<ul>
<li>2023 trends from FacoElche include the improvement of diagnostics and the explosion of options with regard to IOL technology and software for patients.</li>
<li>Ribeiro is confident that there is always a solution to addressing presbyopia in cataract surgery if you manage patient expectations correctly and choose the right IOL.</li>
<li>Zaldivar finds the RayOne EMV IOL very useful in his practice, allowing him to provide patients with more spectacle independence and functional vision in their daily activities.</li>
<li>Fernández Pérez looks forward to the use of big collaborative data.</li>
<li>For Dr Zaldivar, Rayner’s RayPRO+ app facilitates tracking patient-reported outcomes and organizing data in a comprehensive way.</li>
</ul>
<h3><strong>Additional Resources:</strong></h3>
<p><strong>RayOne EMV and EMV Toric</strong><br />
<a href="https://rayner.com/EMV%20" target="_blank" rel="noopener">https://rayner.com/EMV</a></p>
<p><strong>Rayner RayPRO+ </strong><br />
<a href="https://rayner.com/raypro/" target="_blank" rel="noopener">https://rayner.com/raypro/</a></p>
<p><strong>Connect with Dr Roger Zaldivar on LinkedIn, Twitter and Instagram:</strong><strong><br />
</strong><a href="https://www.linkedin.com/in/rogerzaldivar/" target="_blank" rel="noopener">https://www.linkedin.com/in/rogerzaldivar/</a><br />
<a href="https://twitter.com/RogZaldivar" target="_blank" rel="noopener">https://twitter.com/RogZaldivar</a><br />
<a href="https://www.instagram.com/rogzald/" target="_blank" rel="noopener">https://www.instagram.com/rogzald/</a></p>
<p><strong>Connect with Dr Filomena Ribeiro on LinkedIn:<em><br />
</em></strong><a href="https://www.linkedin.com/in/filomena-ribeiro-md-phd-febo-5aa13b71/" target="_blank" rel="noopener">https://www.linkedin.com/in/filomena-ribeiro-md-phd-febo-5aa13b71/</a></p>
<p><strong>Connect with Dr Joaquín Fernández Pérez on Instagram:<br />
</strong><a href="https://www.instagram.com/joaquinfernandezoft/" target="_blank" rel="noopener">Joaquín Fernández Pérez (@joaquinfernandezoft) • Instagram photos and videos</a></p>

<p>Zaldivar, Ribeiro, Fernández Pérez, RayPRO, Digital Health, FacoElche</p>

<!-- This site is optimized with the Yoast SEO plugin v22.5 - https://yoast.com/wordpress/plugins/seo/ -->
<title>Rayner | Peer2Peer | Podcasts | FacoElche 2023 Special</title>
<meta name="description" content="Peer2Peer | Dr Roger Zaldivar, Dr Filomena Ribeiro and Dr Joaquín Fernández Pérez gather at the 25th congress at FacoElche in Spain to discuss the key takeaways from Rayner’s clinical symposium on ‘Optical Quality &amp; Patient Satisfaction’, and interesting and exciting trends covered at this year’s event." />
<meta name="robots" content="noindex, follow, max-snippet:-1, max-image-preview:large, max-video-preview:-1" />
<meta property="og:locale" content="en_GB" />
<meta property="og:type" content="article" />
<meta property="og:title" content="Rayner | Peer2Peer | Podcasts | FacoElche 2023 Special" />
<meta property="og:description" content="Peer2Peer | Dr Roger Zaldivar, Dr Filomena Ribeiro and Dr Joaquín Fernández Pérez gather at the 25th congress at FacoElche in Spain to discuss the key takeaways from Rayner’s clinical symposium on ‘Optical Quality &amp; Patient Satisfaction’, and interesting and exciting trends covered at this year’s event." />
<meta property="og:url" content="https://rayner.com/peer2peer-es/p2p_podcast/ep-10-facoelche-2023-special/" />
<meta property="og:site_name" content="Rayner : Peer 2 Peer - ES" />
<meta property="article:modified_time" content="2024-02-13T14:30:25+00:00" />
<meta property="og:image" content="https://rayner.com/peer2peer-es/wp-content/uploads/sites/18/2023/06/RAY230132_Peer2Peer-Square-Thumbs-Podcast_Ribeiro-Zaldivar-Pérez.png" />
	<meta property="og:image:width" content="750" />
	<meta property="og:image:height" content="750" />
	<meta property="og:image:type" content="image/png" />
<meta name="twitter:card" content="summary_large_image" />
<meta name="twitter:label1" content="Estimated reading time" />
	<meta name="twitter:data1" content="2 minutes" />
<script type="application/ld+json" class="yoast-schema-graph">{"@context":"https://schema.org","@graph":[{"@type":"WebPage","@id":"https://rayner.com/peer2peer-es/p2p_podcast/ep-10-facoelche-2023-special/","url":"https://rayner.com/peer2peer-es/p2p_podcast/ep-10-facoelche-2023-special/","name":"Rayner | Peer2Peer | Podcasts | FacoElche 2023 Special","isPartOf":{"@id":"https://rayner.com/peer2peer-es/#website"},"primaryImageOfPage":{"@id":"https://rayner.com/peer2peer-es/p2p_podcast/ep-10-facoelche-2023-special/#primaryimage"},"image":{"@id":"https://rayner.com/peer2peer-es/p2p_podcast/ep-10-facoelche-2023-special/#primaryimage"},"thumbnailUrl":"https://rayner.com/peer2peer-es/wp-content/uploads/sites/18/2023/06/RAY230132_Peer2Peer-Square-Thumbs-Podcast_Ribeiro-Zaldivar-Pérez.png","datePublished":"2023-02-20T13:05:40+00:00","dateModified":"2024-02-13T14:30:25+00:00","description":"Peer2Peer | Dr Roger Zaldivar, Dr Filomena Ribeiro and Dr Joaquín Fernández Pérez gather at the 25th congress at FacoElche in Spain to discuss the key takeaways from Rayner’s clinical symposium on ‘Optical Quality & Patient Satisfaction’, and interesting and exciting trends covered at this year’s event.","inLanguage":"en-GB","potentialAction":[{"@type":"ReadAction","target":["https://rayner.com/peer2peer-es/p2p_podcast/ep-10-facoelche-2023-special/"]}]},{"@type":"ImageObject","inLanguage":"en-GB","@id":"https://rayner.com/peer2peer-es/p2p_podcast/ep-10-facoelche-2023-special/#primaryimage","url":"https://rayner.com/peer2peer-es/wp-content/uploads/sites/18/2023/06/RAY230132_Peer2Peer-Square-Thumbs-Podcast_Ribeiro-Zaldivar-Pérez.png","contentUrl":"https://rayner.com/peer2peer-es/wp-content/uploads/sites/18/2023/06/RAY230132_Peer2Peer-Square-Thumbs-Podcast_Ribeiro-Zaldivar-Pérez.png","width":750,"height":750},{"@type":"WebSite","@id":"https://rayner.com/peer2peer-es/#website","url":"https://rayner.com/peer2peer-es/","name":"Rayner : Peer 2 Peer - ES","description":"Just another WordPress site","potentialAction":[{"@type":"SearchAction","target":{"@type":"EntryPoint","urlTemplate":"https://rayner.com/peer2peer-es/?s={search_term_string}"},"query-input":"required name=search_term_string"}],"inLanguage":"en-GB"}]}</script>
<!-- / Yoast SEO plugin. -->

Peer2Peer | Dr Roger Zaldivar, Dr Filomena Ribeiro and Dr Joaquín Fernández Pérez gather at the 25th congress at FacoElche in Spain to discuss the key takeaways from Rayner’s clinical symposium on ‘Optical Quality & Patient Satisfaction’, and interesting and exciting trends covered at this year’s event.
