 






{"id":4879,"date":"2023-10-04T12:55:07","date_gmt":"2023-10-04T12:55:07","guid":{"rendered":"https:\/\/rayner.com\/peer2peer-es\/?page_id=4879"},"modified":"2023-10-04T12:55:48","modified_gmt":"2023-10-04T12:55:48","slug":"terminos-de-uso","status":"publish","type":"page","link":"https:\/\/rayner.com\/peer2peer-es\/terminos-de-uso\/","title":{"rendered":"T\u00e9rminos de Uso"},"content":{"rendered":"<p>&nbsp;<\/p>\n<h3>\u00ad\u00ad\u00adCondiciones de uso del sitio web<\/h3>\n<h3>LEA ATENTAMENTE ESTOS T\u00c9RMINOS Y CONDICIONES ANTES DE UTILIZAR ESTE SITIO WEB<\/h3>\n<p>Este sitio web <a href=\"http:\/\/www.rayner.com\" target=\"_blank\" rel=\"noopener\">www.rayner.com<\/a> (&#8220;el Sitio&#8221;) est\u00e1 desarrollado y gestionado por Rayner Intraocular Lenses Limited (&#8220;Rayner&#8221;).<\/p>\n<p>Estas Condiciones de Uso contienen informaci\u00f3n importante y establecen sus derechos y responsabilidades como usuario de este sitio web.<\/p>\n<h3>1. Objeto y efecto<\/h3>\n<p>Estas Condiciones de Uso son legalmente vinculantes y establecen los derechos y obligaciones de Rayner (&#8220;nosotros&#8221; o &#8220;nos&#8221;) y de usted, el usuario, en relaci\u00f3n con su uso del Sitio y de cualquier servicio que ofrezcamos a trav\u00e9s de \u00e9l.<\/p>\n<p>Al registrarse con nosotros y\/o utilizar el Sitio, usted acepta quedar vinculado por estas Condiciones.\u00a0 Si no est\u00e1 de acuerdo con estas condiciones de uso, no debe utilizar el Sitio.<\/p>\n<p>Podemos modificar estas Condiciones de vez en cuando modificando esta p\u00e1gina.\u00a0 Por favor, compruebe de vez en cuando para tomar nota de cualquier cambio que hemos hecho, ya que son vinculantes para usted. Su uso del Sitio se considerar\u00e1 una aceptaci\u00f3n por su parte de dichos cambios. Es su responsabilidad asegurarse de que conoce, lee y comprende cualquier modificaci\u00f3n de estas Condiciones.<\/p>\n<h3>2. Otras condiciones aplicables<\/h3>\n<p>Estas Condiciones de uso hacen referencia a las siguientes condiciones adicionales, que tambi\u00e9n se aplican al uso que usted haga del Sitio:<\/p>\n<p><a href=\"https:\/\/rayner.com\/privacy-policy\/\" target=\"_blank\" rel=\"noopener\">Nuestra Pol\u00edtica de Privacidad<\/a> , que establece los t\u00e9rminos en los que procesamos cualquier dato personal que recopilamos de usted, o que usted nos proporciona. Al utilizar el Sitio, usted consiente dicho tratamiento y garantiza que todos los datos que nos facilite son exactos.<\/p>\n<p><a href=\"https:\/\/rayner.com\/use-of-cookies\/\" target=\"_blank\" rel=\"noopener\">Nuestra Pol\u00edtica de Cookies<\/a> , que establece informaci\u00f3n sobre el uso de cookies en el Sitio.<\/p>\n<h3>3. Informaci\u00f3n sobre nosotros<\/h3>\n<p>Rayner Intraocular Lenses Limited est\u00e1 registrada en Inglaterra y Gales con el n\u00famero de sociedad 00615539 y nuestro domicilio social se encuentra en 10 Dominion Way, Worthing, West Sussex, BN14 8AQ.<\/p>\n<h3>4. Uso indebido del Sitio<\/h3>\n<p>Podremos suspender o cancelar inmediatamente su uso del Sitio si, en nuestra opini\u00f3n, est\u00e1 haciendo un uso indebido del mismo o si incumple alguna de las presentes Condiciones, incluidas, sin limitaci\u00f3n, las relativas a los siguientes usos prohibidos del Sitio:-.<\/p>\n<p>Usted se compromete a no:<\/p>\n<ul>\n<li>Modificar, adaptar, sublicenciar, traducir, vender, revender, retransmitir, realizar ingenier\u00eda inversa, descompilar o desensamblar cualquier parte del Sitio;<\/li>\n<li>Publicar, almacenar o transmitir cualquier informaci\u00f3n o material ilegal, amenazador, difamatorio, indecente, obsceno, pornogr\u00e1fico, profano o de otro modo ofensivo o censurable (a nuestro juicio);<\/li>\n<li>Publicar, almacenar o transmitir cualquier informaci\u00f3n o material que pueda constituir o constituya un delito o infrinja cualquier ley;<\/li>\n<li>Publicar o transmitir cualquier tipo de publicidad, promoci\u00f3n o solicitud de bienes o servicios sin nuestro consentimiento expreso;<\/li>\n<li>Interferir (o intentar interferir) en el funcionamiento del Sitio. Dicha interferencia incluir\u00eda interferir, anular o eludir cualquier funci\u00f3n de seguridad del Sitio, o intentar hacerlo;<\/li>\n<li>Utilizar el Sitio con fines il\u00edcitos;<\/li>\n<li>Utilizar el Sitio para publicar, almacenar o transmitir cualquier informaci\u00f3n o software que contenga un virus, worms, troyano u otro componente perjudicial o perturbador;<\/li>\n<li>Utilizar indebidamente cualquier funci\u00f3n de correo electr\u00f3nico disponible en o a trav\u00e9s del Sitio.<\/li>\n<\/ul>\n<h3>5. Enlaces a otros sitios web<\/h3>\n<p>El Sitio puede contener enlaces o referencias a otros sitios web o recursos. No controlamos ni aprobamos otros sitios web a menos que se indique espec\u00edficamente. No hemos revisado ni aprobado el contenido de dichos sitios web.<\/p>\n<p>Usted acepta que no seremos responsables de la legalidad, exactitud o naturaleza inapropiada de cualquier contenido, publicidad, productos, servicios o informaci\u00f3n localizada en o a trav\u00e9s de cualquier otro sitio web, ni de cualquier p\u00e9rdida o da\u00f1o causado o supuestamente causado por el uso o confianza en cualquiera de dichos contenidos.<\/p>\n<h3>6. Enlaces al sitio web<\/h3>\n<p>Antes de establecer cualquier enlace al Sitio, deber\u00e1 obtener nuestra autorizaci\u00f3n previa. No debe establecer un enlace de manera que sugiera cualquier forma de asociaci\u00f3n, aprobaci\u00f3n o respaldo por nuestra parte cuando no exista ninguno.<\/p>\n<p>No debe establecer un enlace al Sitio en ning\u00fan sitio web que no sea de su propiedad.<\/p>\n<p>El Sitio no debe enmarcarse en ning\u00fan otro sitio, ni puede crear un enlace a ninguna parte del Sitio que no sea la p\u00e1gina de inicio.<\/p>\n<p>Nos reservamos el derecho a retirar el permiso de enlace sin previo aviso.<\/p>\n<p>Si desea hacer un uso del contenido del Sitio distinto del descrito en las presentes Condiciones, p\u00f3ngase en contacto con <a href=\"mailto:enquiries@rayner.com\" target=\"_blank\" rel=\"noopener\">enquiries@rayner.com<\/a>.<\/p>\n<h3>7. Descargo de responsabilidad<\/h3>\n<p>El Sitio, los materiales del Sitio y cualquier servicio obtenido o al que se acceda a trav\u00e9s del Sitio son proporcionados por nosotros sin declaraciones ni garant\u00edas de ning\u00fan tipo, ya sean expresas o impl\u00edcitas.<\/p>\n<p>En la medida en que la ley lo permita, Rayner renuncia a todas las garant\u00edas, expresas, impl\u00edcitas o estatutarias, incluyendo todas las garant\u00edas relativas a la adecuaci\u00f3n, exactitud o integridad de cualquier informaci\u00f3n del Sitio o que est\u00e9 libre de defectos o virus.<\/p>\n<p>Usted asume la responsabilidad y el riesgo totales del uso que haga del Sitio y de la confianza que deposite en \u00e9l o en la informaci\u00f3n o el material que contenga.<\/p>\n<h3>8. Limitaci\u00f3n de responsabilidad<\/h3>\n<p>El Sitio y su contenido se le proporcionan de forma gratuita. Rayner excluye expresamente cualquier responsabilidad por lo siguiente<\/p>\n<p>Cualquier incumplimiento por parte de Rayner de su obligaci\u00f3n de no infringir los derechos de propiedad intelectual de terceros;<\/p>\n<p>Fraude por parte de cualquier usuario del Sitio;<\/p>\n<p>Cualquier enlace en el Sitio a cualquier otro sitio web o parte de Internet;<\/p>\n<p>P\u00e9rdidas o da\u00f1os causados por retrasos o errores en el Sitio o por el tiempo de inactividad del mismo o que resulten de un fallo en el funcionamiento de Internet.<\/p>\n<p>Nada en estas Condiciones de Uso pretende limitar o excluir cualquier responsabilidad de Rayner cuando y en la medida en que la ley aplicable proh\u00edba dicha exclusi\u00f3n o limitaci\u00f3n. Los derechos legales de los consumidores que utilicen el Sitio no se ver\u00e1n afectados.<\/p>\n<p>Rayner no se hace responsable de ning\u00fan da\u00f1o incidental, consecuente, especial, ejemplar, punitivo o de otro tipo bajo ning\u00fan contrato, negligencia o responsabilidad estricta que surja de o est\u00e9 relacionada de alguna manera con el Sitio y\/o su contenido.<\/p>\n<p>Rayner no ser\u00e1 responsable de ninguna p\u00e9rdida o da\u00f1o causado por un virus, ataque distribuido de denegaci\u00f3n de servicio u otro material tecnol\u00f3gicamente da\u00f1ino que pueda infectar su equipo inform\u00e1tico, programas inform\u00e1ticos, datos u otro material de su propiedad debido a su uso del Sitio o a su descarga de cualquier contenido del mismo, o de cualquier sitio web vinculado al mismo.<\/p>\n<p>Rayner no asume responsabilidad alguna por el contenido de los sitios web enlazados en el Sitio. Dichos enlaces no deben interpretarse como una aprobaci\u00f3n por nuestra parte de los sitios web enlazados. No seremos responsables de ninguna p\u00e9rdida o da\u00f1o que pueda derivarse de su uso.<\/p>\n<p>La \u00fanica opci\u00f3n en caso de insatisfacci\u00f3n con el Sitio es dejar de utilizarlo.<\/p>\n<h3>9. Propiedad y restricciones de uso de la web<\/h3>\n<p>Somos el propietario o el licenciatario de todos los derechos de propiedad intelectual del Sitio y del material publicado en \u00e9l. Dichas obras est\u00e1n protegidas por leyes y tratados sobre derechos de autor en todo el mundo. Todos nuestros derechos al respecto est\u00e1n expresamente reservados.<\/p>\n<p>Puede imprimir una copia y descargar extractos de cualquier p\u00e1gina del Sitio para su uso personal y puede llamar la atenci\u00f3n de otras personas de su organizaci\u00f3n sobre el contenido publicado en el Sitio.<\/p>\n<p>No debe modificar en modo alguno las copias impresas o digitales de cualquier material que haya impreso o descargado, y no debe utilizar ninguna ilustraci\u00f3n, fotograf\u00eda, secuencia de v\u00eddeo o audio o cualquier gr\u00e1fico de Rayner separado del texto que lo acompa\u00f1a. No puede reimprimir, republicar, revender o redistribuir el material de Rayner de ninguna forma o manera sin nuestro consentimiento expreso por escrito.<\/p>\n<p>Siempre debe reconocerse nuestra condici\u00f3n (y la de cualquier colaborador identificado) de autores del contenido del Sitio. Cualquier descargo de responsabilidad en el Sitio debe ser reproducido apropiadamente.<\/p>\n<p>No debe utilizar ninguna parte del contenido del Sitio con fines comerciales sin obtener una licencia para ello de nosotros o de nuestros licenciantes.<\/p>\n<p>Si imprime, copia o descarga cualquier parte del Sitio incumpliendo estas Condiciones de uso, su derecho a utilizar el Sitio cesar\u00e1 inmediatamente y deber\u00e1, a nuestra elecci\u00f3n, devolver o destruir cualquier copia de los materiales que haya realizado.<\/p>\n<h3>10. No fiabilidad de la informaci\u00f3n<\/h3>\n<p>El contenido del Sitio se ofrece \u00fanicamente a t\u00edtulo informativo. No pretende ser un asesoramiento fiable. Debe obtener asesoramiento profesional o especializado antes de emprender o abstenerse de emprender cualquier acci\u00f3n bas\u00e1ndose en el contenido del Sitio.<\/p>\n<p>Aunque nos esforzamos razonablemente por actualizar la informaci\u00f3n del Sitio, no declaramos ni garantizamos, ni expresa ni impl\u00edcitamente, que el contenido del Sitio sea exacto, completo o actualizado o que cumpla la legislaci\u00f3n de la jurisdicci\u00f3n desde la que se accede al Sitio.<\/p>\n<h3>11. Marcas comerciales<\/h3>\n<p>Rayner, Rayner Surgical y Rayner Intraocular Lenses son nombres o marcas comerciales de empresas del grupo Rayner.<\/p>\n<p>Rayner, Raytrace, RayPRO, RayOne, AEON, Centerflex, Superflex, M-flex, Raysoft, AVH Technology, Rayacryl, T-flex, Sulcoflex, M-flex T, C-flex, Advance, i-cataract, Ophteis, Methylvisc y el logotipo de Rayner son marcas propiedad de Rayner.<\/p>\n<p>Nada de lo contenido en estas Condiciones le da derecho a utilizar ninguna marca comercial, marca de servicio, logotipo y\/o nombre comercial de Rayner.<\/p>\n<h3>12. Virus<\/h3>\n<p>No garantizamos que el Sitio sea seguro o est\u00e9 libre de errores o virus.<\/p>\n<p>Usted es responsable de configurar su tecnolog\u00eda de la informaci\u00f3n, sus programas inform\u00e1ticos y su plataforma para poder acceder al Sitio. Debe utilizar su propio software de protecci\u00f3n antivirus.<\/p>\n<p>No debe hacer un mal uso del Sitio introduciendo deliberadamente virus, troyanos, worms, bombas l\u00f3gicas u otro material que sea malicioso o tecnol\u00f3gicamente da\u00f1ino. No debe intentar obtener acceso no autorizado al Sitio, al servidor en el que est\u00e1 almacenado el Sitio ni a ning\u00fan servidor, computadora o base de datos conectada al Sitio. No debe atacar el Sitio mediante un ataque de denegaci\u00f3n de servicio o un ataque distribuido de denegaci\u00f3n de servicio. Al incumplir esta disposici\u00f3n, cometer\u00eda un delito penal seg\u00fan la Ley de uso indebido de computadoras de 1990. Informaremos de cualquier incumplimiento de este tipo a las autoridades policiales pertinentes y cooperaremos con esas autoridades revel\u00e1ndoles su identidad. En caso de tal incumplimiento, su derecho a utilizar el Sitio cesar\u00e1 inmediatamente.<\/p>\n<h3>13. Cambios en el Sitio<\/h3>\n<p>Podemos actualizar el Sitio de vez en cuando y podemos cambiar el contenido en cualquier momento. Sin embargo, tenga en cuenta que cualquier contenido del Sitio puede estar desactualizado en un momento dado y no tenemos ninguna obligaci\u00f3n de actualizarlo.<\/p>\n<p>No garantizamos que el Sitio, o cualquier contenido del mismo, est\u00e9 libre de errores u omisiones.<\/p>\n<h3>14. Jurisdicci\u00f3n<\/h3>\n<p>Usted elige acceder al Sitio bajo su propia responsabilidad. Usted es responsable del cumplimiento de las leyes locales que le sean aplicables.<\/p>\n<p>Estos T\u00e9rminos de uso y todas las relaciones contractuales y de otro tipo que surjan del Sitio se rigen por las leyes de Inglaterra. Usted se somete a la jurisdicci\u00f3n exclusiva de los tribunales de Inglaterra y Gales cuando surja cualquier disputa en relaci\u00f3n con estos T\u00e9rminos y\/o el Sitio.<\/p>\n<p>&nbsp;<\/p>\n<p>Cont\u00e1ctenos<\/p>\n<p>Para contactarnos, env\u00ede un correo electr\u00f3nico a <a href=\"mailto:enquiries@rayner.com\" target=\"_blank\" rel=\"noopener\">enquiries@rayner.com<\/a><\/p>\n<p>Gracias por visitar nuestro sitio.<\/p>\n<p>\u00a9 2023 Rayner Lentes Intraoculares Limitadas<\/p>\n","protected":false},"excerpt":{"rendered":"<p>&nbsp; \u00ad\u00ad\u00adCondiciones de uso del sitio web LEA ATENTAMENTE ESTOS T\u00c9RMINOS Y CONDICIONES ANTES DE UTILIZAR ESTE SITIO WEB Este sitio web www.rayner.com (&#8220;el Sitio&#8221;) est\u00e1 desarrollado y gestionado por Rayner Intraocular Lenses Limited (&#8220;Rayner&#8221;). Estas Condiciones de Uso contienen informaci\u00f3n importante y establecen sus derechos y responsabilidades como usuario de este sitio web. 1. [&hellip;]<\/p>\n","protected":false},"author":300,"featured_media":0,"parent":0,"menu_order":0,"comment_status":"closed","ping_status":"closed","template":"page-basic.php","meta":{"_acf_changed":false,"inline_featured_image":false,"footnotes":""},"acf":[],"yoast_head":"<!-- This site is optimized with the Yoast SEO plugin v22.5 - https:\/\/yoast.com\/wordpress\/plugins\/seo\/ -->\n<title>T\u00e9rminos de Uso - Rayner : Peer 2 Peer - ES<\/title>\n<meta name=\"robots\" content=\"noindex, follow, max-snippet:-1, max-image-preview:large, max-video-preview:-1\" \/>\n<meta property=\"og:locale\" content=\"en_GB\" \/>\n<meta property=\"og:type\" content=\"article\" \/>\n<meta property=\"og:title\" content=\"T\u00e9rminos de Uso - Rayner : Peer 2 Peer - ES\" \/>\n<meta property=\"og:description\" content=\"&nbsp; \u00ad\u00ad\u00adCondiciones de uso del sitio web LEA ATENTAMENTE ESTOS T\u00c9RMINOS Y CONDICIONES ANTES DE UTILIZAR ESTE SITIO WEB Este sitio web www.rayner.com (&#8220;el Sitio&#8221;) est\u00e1 desarrollado y gestionado por Rayner Intraocular Lenses Limited (&#8220;Rayner&#8221;). Estas Condiciones de Uso contienen informaci\u00f3n importante y establecen sus derechos y responsabilidades como usuario de este sitio web. 1. [&hellip;]\" \/>\n<meta property=\"og:url\" content=\"https:\/\/rayner.com\/peer2peer-es\/terminos-de-uso\/\" \/>\n<meta property=\"og:site_name\" content=\"Rayner : Peer 2 Peer - ES\" \/>\n<meta property=\"article:modified_time\" content=\"2023-10-04T12:55:48+00:00\" \/>\n<meta name=\"twitter:card\" content=\"summary_large_image\" \/>\n<meta name=\"twitter:label1\" content=\"Estimated reading time\" \/>\n\t<meta name=\"twitter:data1\" content=\"9 minutes\" \/>\n<script type=\"application\/ld+json\" class=\"yoast-schema-graph\">{\"@context\":\"https:\/\/schema.org\",\"@graph\":[{\"@type\":\"WebPage\",\"@id\":\"https:\/\/rayner.com\/peer2peer-es\/terminos-de-uso\/\",\"url\":\"https:\/\/rayner.com\/peer2peer-es\/terminos-de-uso\/\",\"name\":\"T\u00e9rminos de Uso - Rayner : Peer 2 Peer - ES\",\"isPartOf\":{\"@id\":\"https:\/\/rayner.com\/peer2peer-es\/#website\"},\"datePublished\":\"2023-10-04T12:55:07+00:00\",\"dateModified\":\"2023-10-04T12:55:48+00:00\",\"inLanguage\":\"en-GB\",\"potentialAction\":[{\"@type\":\"ReadAction\",\"target\":[\"https:\/\/rayner.com\/peer2peer-es\/terminos-de-uso\/\"]}]},{\"@type\":\"WebSite\",\"@id\":\"https:\/\/rayner.com\/peer2peer-es\/#website\",\"url\":\"https:\/\/rayner.com\/peer2peer-es\/\",\"name\":\"Rayner : Peer 2 Peer - ES\",\"description\":\"Just another WordPress site\",\"potentialAction\":[{\"@type\":\"SearchAction\",\"target\":{\"@type\":\"EntryPoint\",\"urlTemplate\":\"https:\/\/rayner.com\/peer2peer-es\/?s={search_term_string}\"},\"query-input\":\"required name=search_term_string\"}],\"inLanguage\":\"en-GB\"}]}<\/script>\n<!-- \/ Yoast SEO plugin. -->","yoast_head_json":{"title":"T\u00e9rminos de Uso - Rayner : Peer 2 Peer - ES","robots":{"index":"noindex","follow":"follow","max-snippet":"max-snippet:-1","max-image-preview":"max-image-preview:large","max-video-preview":"max-video-preview:-1"},"og_locale":"en_GB","og_type":"article","og_title":"T\u00e9rminos de Uso - Rayner : Peer 2 Peer - ES","og_description":"&nbsp; \u00ad\u00ad\u00adCondiciones de uso del sitio web LEA ATENTAMENTE ESTOS T\u00c9RMINOS Y CONDICIONES ANTES DE UTILIZAR ESTE SITIO WEB Este sitio web www.rayner.com (&#8220;el Sitio&#8221;) est\u00e1 desarrollado y gestionado por Rayner Intraocular Lenses Limited (&#8220;Rayner&#8221;). Estas Condiciones de Uso contienen informaci\u00f3n importante y establecen sus derechos y responsabilidades como usuario de este sitio web. 1. [&hellip;]","og_url":"https:\/\/rayner.com\/peer2peer-es\/terminos-de-uso\/","og_site_name":"Rayner : Peer 2 Peer - ES","article_modified_time":"2023-10-04T12:55:48+00:00","twitter_card":"summary_large_image","twitter_misc":{"Estimated reading time":"9 minutes"},"schema":{"@context":"https:\/\/schema.org","@graph":[{"@type":"WebPage","@id":"https:\/\/rayner.com\/peer2peer-es\/terminos-de-uso\/","url":"https:\/\/rayner.com\/peer2peer-es\/terminos-de-uso\/","name":"T\u00e9rminos de Uso - Rayner : Peer 2 Peer - ES","isPartOf":{"@id":"https:\/\/rayner.com\/peer2peer-es\/#website"},"datePublished":"2023-10-04T12:55:07+00:00","dateModified":"2023-10-04T12:55:48+00:00","inLanguage":"en-GB","potentialAction":[{"@type":"ReadAction","target":["https:\/\/rayner.com\/peer2peer-es\/terminos-de-uso\/"]}]},{"@type":"WebSite","@id":"https:\/\/rayner.com\/peer2peer-es\/#website","url":"https:\/\/rayner.com\/peer2peer-es\/","name":"Rayner : Peer 2 Peer - ES","description":"Just another WordPress site","potentialAction":[{"@type":"SearchAction","target":{"@type":"EntryPoint","urlTemplate":"https:\/\/rayner.com\/peer2peer-es\/?s={search_term_string}"},"query-input":"required name=search_term_string"}],"inLanguage":"en-GB"}]}},"_links":{"self":[{"href":"https:\/\/rayner.com\/peer2peer-es\/wp-json\/wp\/v2\/pages\/4879"}],"collection":[{"href":"https:\/\/rayner.com\/peer2peer-es\/wp-json\/wp\/v2\/pages"}],"about":[{"href":"https:\/\/rayner.com\/peer2peer-es\/wp-json\/wp\/v2\/types\/page"}],"author":[{"embeddable":true,"href":"https:\/\/rayner.com\/peer2peer-es\/wp-json\/wp\/v2\/users\/300"}],"replies":[{"embeddable":true,"href":"https:\/\/rayner.com\/peer2peer-es\/wp-json\/wp\/v2\/comments?post=4879"}],"version-history":[{"count":2,"href":"https:\/\/rayner.com\/peer2peer-es\/wp-json\/wp\/v2\/pages\/4879\/revisions"}],"predecessor-version":[{"id":4881,"href":"https:\/\/rayner.com\/peer2peer-es\/wp-json\/wp\/v2\/pages\/4879\/revisions\/4881"}],"wp:attachment":[{"href":"https:\/\/rayner.com\/peer2peer-es\/wp-json\/wp\/v2\/media?parent=4879"}],"curies":[{"name":"wp","href":"https:\/\/api.w.org\/{rel}","templated":true}]}}